7, 79, 701
List the prime factors of 955758.
2, 3, 159293
What are the prime factors of 1600209?
3, 13, 47, 97
What are the prime factors of 713041?
7, 101863
What are the prime factors of 530809?
281, 1889
What are the prime factors of 2249322?
2, 3, 374887
List the prime factors of 1365088.
2, 29, 1471
What are the prime factors of 1064752?
2, 13, 5119
List the prime factors of 27743494.
2, 67, 207041
What are the prime factors of 300780?
2, 3, 5, 557
List the prime factors of 150742.
2, 23, 29, 113
What are the prime factors of 3029390?
2, 5, 7, 13, 3329
List the prime factors of 5750837.
5750837
List the prime factors of 1796612.
2, 449153
List the prime factors of 399828.
2, 3, 11, 13, 233
List the prime factors of 138114.
2, 3, 7673
List the prime factors of 247837.
139, 1783
List the prime factors of 11479737.
3, 23, 29, 5737
What are the prime factors of 5701409?
7, 17, 47911
What are the prime factors of 5264029?
5264029
List the prime factors of 21105930.
2, 3, 5, 703531
List the prime factors of 5733.
3, 7, 13
List the prime factors of 2555476.
2, 7, 11, 8297
List the prime factors of 9944507.
17, 584971
List the prime factors of 1817621.
13, 23, 6079
What are the prime factors of 293569?
19, 15451
What are the prime factors of 202583?
173, 1171
What are the prime factors of 8379032?
2, 1047379
List the prime factors of 199898.
2, 127, 787
List the prime factors of 2252664.
2, 3, 10429
What are the prime factors of 8620463?
83, 283, 367
What are the prime factors of 509740?
2, 5, 7, 11, 331
List the prime factors of 9513051.
3, 3171017
List the prime factors of 9827987.
13, 41, 18439
List the prime factors of 227279.
13, 17483
What are the prime factors of 2060497?
487, 4231
List the prime factors of 3247924.
2, 811981
List the prime factors of 291501.
3, 7, 661
What are the prime factors of 4562691?
3, 7, 217271
List the prime factors of 85915.
5, 17183
What are the prime factors of 147032?
2, 18379
What are the prime factors of 8855230?
2, 5, 23, 38501
List the prime factors of 1984244.
2, 211, 2351
List the prime factors of 24982113.
3, 13, 193, 3319
List the prime factors of 25858205.
5, 61, 149, 569
What are the prime factors of 21672918?
2, 3, 29, 41519
List the prime factors of 13932398.
2, 47, 103, 1439
What are the prime factors of 271996?
2, 53, 1283
List the prime factors of 11759927.
11759927
What are the prime factors of 1750833?
3, 7, 27791
List the prime factors of 264048.
2, 3, 5501
What are the prime factors of 3040456?
2, 19, 83, 241
What are the prime factors of 330533?
7, 23, 2053
What are the prime factors of 1137376?
2, 35543
List the prime factors of 3071744.
2, 13, 71
List the prime factors of 435611.
11, 199
What are the prime factors of 34906122?
2, 3, 1939229
List the prime factors of 241843.
7, 34549
What are the prime factors of 1508080?
2, 5, 7, 2693
What are the prime factors of 381961?
23, 16607
What are the prime factors of 7350352?
2, 459397
What are the prime factors of 49311?
3, 5479
What are the prime factors of 1893628?
2, 11, 43037
List the prime factors of 208700.
2, 5, 2087
List the prime factors of 19338460.
2, 5, 966923
What are the prime factors of 7466475?
3, 5, 113, 881
List the prime factors of 1906699.
1906699
What are the prime factors of 490440?
2, 3, 5, 61, 67
What are the prime factors of 6321130?
2, 5, 29, 71, 307
List the prime factors of 233494.
2, 116747
What are the prime factors of 103119?
3, 37, 929
List the prime factors of 624876.
2, 3, 7, 43, 173
List the prime factors of 59776.
2, 467
What are the prime factors of 537887?
7, 43, 1787
List the prime factors of 1403912.
2, 113, 1553
What are the prime factors of 2530014?
2, 3, 71, 5939
What are the prime factors of 1169236?
2, 292309
What are the prime factors of 421706?
2, 210853
List the prime factors of 1186020.
2, 3, 5, 11, 599
List the prime factors of 149934.
2, 3, 24989
List the prime factors of 139032.
2, 3, 1931
List the prime factors of 4501261.
23, 67, 127
What are the prime factors of 20956244?
2, 5239061
List the prime factors of 6914507.
293, 23599
List the prime factors of 3767299.
61, 151, 409
List the prime factors of 180490.
2, 5, 18049
List the prime factors of 3687523.
7, 263, 2003
What are the prime factors of 3028534?
2, 67, 97, 233
What are the prime factors of 1847345?
5, 369469
What are the prime factors of 11843779?
11843779
What are the prime factors of 636835?
5, 67, 1901
What are the prime factors of 390729?
3, 139, 937
List the prime factors of 503472.
2, 3, 17, 617
What are the prime factors of 5048094?
2, 3, 841349
List the prime factors of 216512.
2, 17, 199
What are the prime factors of 1654922?
2, 827461
List the prime factors of 884559.
3, 13, 37, 613
List the prime factors of 411710.
2, 5, 13, 3167
What are the prime factors of 59600?
2, 5, 149
What are the prime factors of 11667845?
5, 7, 333367
List the prime factors of 430873.
430873
What are the prime factors of 21009?
3, 47, 149
What are the prime factors of 1155832?
2, 144479
List the prime factors of 370151.
89, 4159
What are the prime factors of 167675?
5, 19, 353
What are the prime factors of 25768880?
2, 5, 322111
What are the prime factors of 90394?
2, 45197
List the prime factors of 340944.
2, 3, 7103
What are the prime factors of 58133?
61, 953
List the prime factors of 9434033.
7, 193, 6983
List the prime factors of 3079891.
3079891
What are the prime factors of 161497?
7, 23071
List the prime factors of 10213282.
2, 5106641
List the prime factors of 6579725.
5, 23, 11443
What are the prime factors of 4423068?
2, 3, 13, 727
List the prime factors of 58802.
2, 29401
What are the prime factors of 11636432?
2, 17, 179, 239
List the prime factors of 5733569.
5733569
List the prime factors of 80334.
2, 3, 4463
What are the prime factors of 859531?
29, 107, 277
What are the prime factors of 230251?
7, 37, 127
What are the prime factors of 5861575?
5, 234463
List the prime factors of 334463.
61, 5483
What are the prime factors of 1618445?
5, 47, 71, 97
List the prime factors of 1729746.
2, 3, 96097
List the prime factors of 240508.
2, 60127
What are the prime factors of 455915?
5, 91183
What are the prime factors of 473034?
2, 3, 78839
List the prime factors of 22582579.
17, 1328387
List the prime factors of 1306874.
2, 53, 12329
List the prime factors of 314669.
419, 751
List the prime factors of 6659539.
43, 154873
What are the prime factors of 1049135?
5, 37, 53, 107
What are the prime factors of 766056?
2, 3, 59, 541
List the prime factors of 547522.
2, 31, 8831
What are the prime factors of 771602?
2, 13, 59, 503
What are the prime factors of 1624698?
2, 3, 3343
What are the prime factors of 3356566?
2, 37, 67, 677
What are the prime factors of 8154971?
11, 19, 39019
What are the prime factors of 7284407?
13, 43103
What are the prime factors of 530?
2, 5, 53
What are the prime factors of 884129?
884129
What are the prime factors of 1568318?
2, 17, 193, 239
What are the prime factors of 2660868?
2, 3, 7, 10559
What are the prime factors of 2625612?
2, 3, 11, 19891
What are the prime factors of 6855560?
2, 5, 367, 467
What are the prime factors of 955715?
5, 191143
What are the prime factors of 6822673?
11, 13, 47711
What are the prime factors of 974909?
13, 19, 3947
List the prime factors of 733332.
2, 3, 23, 2657
What are the prime factors of 932647?
932647
List the prime factors of 467119.
467119
List the prime factors of 2637285.
3, 5, 7, 25117
List the prime factors of 351698.
2, 41, 4289
List the prime factors of 1086701.
7, 11, 1283
List the prime factors of 32451890.
2, 5, 3245189
What are the prime factors of 192636?
2, 3, 5351
What are the prime factors of 796839?
3, 265613
List the prime factors of 4918099.
71, 113, 613
What are the prime factors of 290588?
2, 72647
List the prime factors of 2659153.
7, 37, 10267
What are the prime factors of 6707701?
7, 11, 13, 6701
List the prime factors of 517794.
2, 3, 211, 409
List the prime factors of 13927.
19, 733
List the prime factors of 224543.
11, 137, 149
List the prime factors of 220512.
2, 3, 2297
What are the prime factors of 302483?
302483
List the prime factors of 147818.
2, 11, 6719
What are the prime factors of 3097733?
1559, 1987
List the prime factors of 4